l(h) = 11*h - 130. Give l(j).
-9
Let c(v) = -v**2 + 52*v - 37. Let n be c(51). Let b(o) = -o**2 + 17*o - 2. Determine b(n).
40
Let t(s) be the third derivative of s**4/6 + 11*s**3/3 - 1326*s**2. What is t(-10)?
-18
Let m(b) = -b**3 + b + 1. Let w(n) = -4*n**3 - 2*n**2 + 3*n. Let o(x) = 5*m(x) - w(x). Calculate o(4).
-19
Let x(g) be the first derivative of 0*g**2 + 3/40*g**5 - 1/360*g**6 - 3/8*g**4 - 6 - 22/3*g**3 + 0*g. Let r(b) be the third derivative of x(b). Give r(6).
9
Suppose -32 = -4*z - 4. Let c(m) be the first derivative of m**2/2 - 3*m - 358. Give c(z).
4
Let c(v) = 1135 - 553 - v**3 + 3*v**2 - 5*v - 555. Calculate c(4).
-9
Let h(d) = 2*d**2 - 4*d + 10. Let s = -4439 - -4443. Calculate h(s).
26
Let c(r) = r - 19. Let t(g) = -g**3 - 6*g**2 - 8*g + 5. Let v be t(-4). Suppose -2*k + v = -19. Suppose 2*s + d + 9 = -2*d, 3*s = 4*d + k. Calculate c(s).
-19
Let x(h) = h**2 - h - 44. Let u(n) = -n**2 + 34*n - 257. Let m be u(12). Give x(m).
-2
Suppose 6*t = 11*t - 35. Suppose 0 = -l - 3*v + t, 3*l - 3*v + 0 = -3. Let a(j) = j + 17 - 12 + l. Determine a(-7).
-1
Let x(i) = 313*i + 1862. Let a be x(-6). Let b(u) = -2*u - 29. Calculate b(a).
3
Let o(t) = -20*t**2 + 1. Suppose -3*v + 2*g + 31 = 20, 2*g = -8. Give o(v).
-19
Let w(b) = b**2 + 6*b + 2. Let r(v) = -45*v - 319. Let i be r(-7). Let f(x) = -x**2 - 5*x - 3. Let d(n) = i*f(n) - 3*w(n). Give d(-6).
30
Let h(t) = 2*t - 18. Let b(w) = 98*w**2 - 2*w - 1. Let d be b(1). Let m = d + -83. What is h(m)?
6
Let w(k) = 25*k - 21. Let s(n) = 8*n - 7. Let c(g) = 7*s(g) - 2*w(g). Let x be (-43)/(-6) - (-510)/612. Let u be 308/28 - -10*(-4)/x. What is c(u)?
29
Let n(i) be the second derivative of i**3 - 3/2*i**2 - 78*i + 0 - 1/12*i**4. Calculate n(4).
5
Let r(g) = -g - 6. Let k be ((22/4)/(-11))/(1/(-10)). Suppose -4*f + k*h = 7, f + 3*h - 2 = -8. Give r(f).
-3
Let v be (-1107)/(-135) + (-3)/15. Let b(q) = -4*q**2 + q**3 - q + 1 - 2*q**2 - 2*q**2. What is b(v)?
-7
Let x(d) be the second derivative of 3/2*d**2 + d + 1/6*d**3 + 11. Calculate x(3).
6
Let g = -725 + 725. Suppose g = 3*c + b - 49 + 17, -4*b = 4*c - 56. Let s(u) = -u**2 + 7*u + 4. Calculate s(c).
-14
Let m(s) be the second derivative of s**4/12 + s**3/2 - s**2/2 - 719*s. Give m(-3).
-1
Let b(p) = -2*p**3 + 39*p**2 + 18*p + 46. Let c be b(20). Let j(i) = 2*i**2 + i - c*i + 5 + 3*i**3 + 2*i - 3. Give j(1).
4
Let k(v) = -69*v - 4. Let l(p) = 657*p + 37. Let q(c) = -19*k(c) - 2*l(c). Determine q(-8).
26
Let a(c) = 14 + 8 - c**2 - 7 + 5998*c - 6000*c. Give a(-5).
0
Let g = -24850 + 24851. Let f(w) = -43*w**2 - 3*w + 2. What is f(g)?
-44
Let r(i) = 2*i**2 + i + 57. Suppose 86*x + x + 55*x = 0. Determine r(x).
57
Let t(i) = -4*i**2 - 35. Let q(j) = -j**2 + j - 16. Let v(l) = 7*q(l) - 3*t(l). What is v(1)?
5
Let f(s) be the first derivative of -35 + 1/2*s**2 + s. Let y(p) = -3*p**2 + p. Let b be y(1). Give f(b).
-1
Let i(r) be the first derivative of -3*r**2/2 - 6*r - 5649. Give i(-5).
9
Let a(b) be the first derivative of -1/4*b**4 - 232 + 4/3*b**3 + 2*b + 3/2*b**2. Let k(h) = h**3 - 6*h**2 + h - 1. Let w be k(6). Give a(w).
-8
Let u(n) = -5*n + 4. Let l(g) be the second derivative of 25/2*g**2 + 5*g - 5*g**3 + 0. Let r(y) = 4*l(y) - 25*u(y). What is r(-1)?
-5
Let b(i) = -2*i**2 - i + 1. Let f be b(1). Let y(m) be the second derivative of 3*m**5/20 + m**4/12 - 94112*m. What is y(f)?
-20
Suppose 2*f = -16*l + 19*l + 625, 2*f - l - 627 = 0. Let o = -309 + f. Let v(c) be the first derivative of c**3/3 - 7*c**2/2 - 7*c + 2. Calculate v(o).
-17
Let s(g) be the second derivative of -g**4/12 - 11*g**3/6 - 4*g**2 + 2*g. Suppose 0 = -513*h + 508*h - 5640. Let x = 1121 + h. What is s(x)?
20
Let h(g) = 13*g**2. Let z(u) = -u**3 - 51*u**2 + 2*u + 55. Let b(w) = -4*h(w) - z(w). What is b(0)?
-55
Let f(o) = o + 8. Let n be f(-14). Let j(m) = 9 + 50*m**3 - 5*m**2 - 27*m**3 - 22*m**3 + 12*m**2 + 9*m. Calculate j(n).
-9
Suppose 13*t = t - 17*t + 87. Let p(i) = -2*i**3 + 2*i**2 + 2*i - 5. Determine p(t).
-35
Let u be (8/(-12) - -1) + (-713)/69 + 10. Let x(i) = -i**2 + 6*i - 78. Calculate x(u).
-78
Suppose -19 + 1 = 18*r. Let y(p) = -6*p**3 - 2*p**2 - 17*p - 16. Calculate y(r).
5
Let j(m) = 29*m + 47. Let r(w) = -31*w + 556. Let d be r(18). What is j(d)?
-11
Let x(o) be the third derivative of -o**4/6 - 17*o**3/6 - 616*o**2 + 1. Determine x(-9).
19
Let x(f) be the first derivative of -f**4/4 - 10*f**3/3 + 11*f**2 - 8*f + 772. Give x(-12).
16
Let v(w) = -274*w - 1375. Let u be v(-5). Let z(k) = 10*k**2 + 46*k - 14. Calculate z(u).
6
Let u(o) = -3 - 4 - 55*o**2 + 4*o + 6*o + 54*o**2. Suppose -1 = 2*c - 23. Give u(c).
-18
Suppose 0 = -3*u + 4*b + 52, -2*u + 3*b + 44 = -2*b. Let m(d) = d**2 - 13*d + 18. Let i be m(u). Let g be (-4)/8*0 - i. Let a(l) = l**2 + 2*l - 4. What is a(g)?
20
Let f(h) = -24*h**3 + 3*h**2 + 23*h + 27. Let z(n) = -31*n**3 + 4*n**2 + 30*n + 36. Let j(x) = 13*f(x) - 10*z(x). Determine j(0).
-9
Let v(j) = j**2 - 7*j + 7. Let z be (-2)/(-3) + 1250/(-30). Let k = -50 - z. Let i be (-3)/(k/6)*3. Calculate v(i).
1
Let x(u) = -28 - 166*u + 94*u + 10*u**2 - u**3 + 99*u. Let z be x(12). Let y(p) = p**3 - 7*p**2 - 10*p + 11. Calculate y(z).
-5
Let q(s) be the third derivative of 0*s + 1/120*s**6 - s**3 - 1/20*s**5 - 5/24*s**4 + 161*s**2 + 0. Give q(5).
19
Let y(i) = 4*i + 0*i - 2*i + 14*i - 6 + 3*i. Let m(l) = 43*l - 12. Let t(w) = 4*m(w) - 9*y(w). Calculate t(-7).
-1
Let g(c) = 5*c + 3*c - 3*c + 9 + 3*c. Let b(k) = 7*k + 12. Let h(a) = -4*b(a) + 5*g(a). Calculate h(2).
21
Suppose -4*j + 8 = 0, 5*j - 7 = 4*c - 3*c. Suppose 2*t = 3*d + d - 10, t - c*d = -3. Let v(s) = -3*s - 4*s - 7*s - 8*s + 1 + 21*s. Calculate v(t).
10
Let s(c) = -4*c**2 - 2*c - 1. Let y(o) = 7*o**2 + 5*o + 3. Let b(a) = -5*s(a) - 3*y(a). Let x(d) = -33*d + 194. Let w be x(6). Determine b(w).
0
Let y(f) be the second derivative of f**4/6 - f**3/6 - 16*f**2 - 68*f. Let j(m) be the first derivative of y(m). Give j(-1).
-5
Let t(c) = 590 + 2*c**2 + c**3 + 519 + 550 - 1584 - c**2 + c. Calculate t(0).
75
Suppose d = -3*d + 136. Let o = d - 32. Let z(i) = -i**3 + 6*i**2 + 4. Let f(b) = 2*b**3 - 7*b**2 + b - 5. Let r(n) = o*f(n) + 3*z(n). What is r(-3)?
5
Let j(w) = w**2 - 31*w - 147. Let z = -12426 - -12422. What is j(z)?
-7
Let v(p) = p - 4*p + 4*p + 7*p - 9*p**2 - 14 + 24. What is v(-2)?
-42
Let j(l) = -195*l + 390*l + 1 + 5 + 22 - 196*l. Calculate j(5).
23
Let z(b) = 115*b**3 - 29*b**2 + 26*b - 18. Let g(r) = -53*r**3 + 14*r**2 - 12*r + 9. Let a(o) = 13*g(o) + 6*z(o). Give a(-8).
9
Suppose -2*m = -n + 31 + 160, n - 4*m = 201. Let u = 162 - n. Let z(v) = v + 25. Give z(u).
6
Let g = 18 - 30. Let u(i) = 5665*i**3 - 1892*i**3 + 3*i - 1884*i**3 - 2*i - 12*i**2 - 1890*i**3 + 14 + i. Calculate u(g).
-10
Let u(o) = -5*o**2 + 38*o - 8. Let g be u(8). Let y = -19 - g. Let s(n) = n**3 - 5*n**2 + n + 5. Let x be s(y). Let k(m) = m**2 - 12*m + 15. Give k(x).
-5
Let j(y) be the first derivative of -y**3/3 + 15*y - 3683. Calculate j(3).
6
Suppose -11 = 4*t - 5*m, 2*m - 7 = 7*t - 8*t. Let z be t - -3 - (-8 + 6). Let u(j) = 4*j - 1. Calculate u(z).
23
Let q(y) = 6*y**2 + 35*y + 18. Let h(s) = 5*s**2 + 31*s + 17. Let r(f) = 7*h(f) - 6*q(f). Give r(6).
17
Let o(b) = -b**2 - 8*b + 308. Let y(g) = 137*g + 425. Let i be y(-3). Calculate o(i).
0
Let o(g) = -g**2 - 32*g + 21. Suppose 361*k + 367*k - 744 = 752*k. Give o(k).
52
Suppose 16*t - 19*t = 18. Let c(m) = m**2 + 5*m - 8. Let n be c(t). Let k(u) = -4*u**3 - 4*u**2 - 2*u. Calculate k(n).
20
Let b(w) = 4*w - 4. Suppose -2*x - 5*k - 1039 = 130, 0 = -4*x - 5*k - 2313. Let s be x/(-99) - 8/(-36). Determine b(s).
20
Let n(k) = k**2 + 16*k - 98. Let w be n(-21). Suppose -3*r - 4*l - w + 5 = 0, 3*l = 3*r - 33. Let b(d) = d - 13. Calculate b(r).
-7
Let i(t) = -4*t**2 - t - 1. Let n(q) = 98*q**2 - 13*q + 1. Let j be n(2). Suppose 377*d = j*d - 10. Give i(d).
-4
Let q(y) = -y**2 + 11*y - 7. Suppose 124 = 5*v - 96. Suppose 0*a + v = 4*m - a, -50 = -3*m + 5*a. Calculate q(m).
3
Let h = -210 - -358. Suppose 0 = -2*o + h - 156. Let d(n) = n**2 - 4*n - 6. Calculate d(o).
26
Let w(h) = 8 - 19674*h**2 + 9835*h**2 + 9840*h**2 - 7*h + 1. Let z be (-2)/(0 + 3/(-12)). Determine w(z).
17
Let a(l) be the third derivative of l**6/120 + l**5/20 - l**4/2 - 13*l**3/6 - 1551*l**2. Calc